) = 2*y**2 + 22*y - 347. Let c be t(9). Let x(k) = 2*k**2 + 3 + k + k - 1. Let q be x(3). Calculate the highest common divisor of c and q.
13
Let p = 235 + -211. Calculate the greatest common factor of 64 and p.
8
Let y be 2/4 + -2 + (-1149)/(-6). What is the greatest common factor of 10 and y?
10
Let r = -1145 - -2470. What is the highest common factor of r and 75?
25
Let s = 17 - -1. Suppose -4*x - 26 = -2*r, 2*x - 6 = -4*r - 4. Suppose -o = -k - 46, r*o + k = 2*k + 136. Calculate the highest common divisor of s and o.
9
Let p be ((-30)/(-4))/(((-20)/8)/(-5)). Suppose 2*r - 24 = 6. What is the highest common divisor of p and r?
15
Let j = -457 - -475. What is the greatest common divisor of 450 and j?
18
Let a = 3544 - 3337. Let h = -2 - -25. Calculate the greatest common divisor of a and h.
23
Let q(o) = -20 - 106*o - 96*o + 210*o. Let v be q(9). Calculate the highest common factor of v and 4.
4
Let m(a) = 21*a - 20. Let s be m(2). Let v = 55 - 11. Calculate the highest common divisor of v and s.
22
Let s(y) = -y**2 + 9*y - 6. Let m be s(6). Suppose 130 = -4*q + 3*q + 3*b, -2*q - 5*b - 260 = 0. Let t = -58 - q. What is the highest common divisor of m and t?
12
Let h = -854 + 455. Let o be h/(-6) + (-1)/2. Suppose 0 = 55*y - 58*y + o. Calculate the greatest common factor of y and 66.
22
Let s(p) = p**3 + 27*p**2 + p + 36. Let z be s(-27). What is the greatest common factor of 153 and z?
9
Let t(j) = j**2 + 5. Let v be t(-5). Suppose -6*z + z = -v. Let g be (0 + -1)*4/(-1). What is the greatest common divisor of g and z?
2
Suppose 9 = 5*i - 21. Suppose 4*z = 5*j - 0*j - 6, 2*j = z. Let t = 10 + z. Calculate the greatest common factor of t and i.
6
Let q(c) = 2*c**2 - 2*c. Let k be q(-2). Let p be -2 + (-52)/(5 - 1). Let a = p + 18. What is the greatest common factor of a and k?
3
Suppose -3*y + 23 = -4*w - 17, 0 = -2*y + w + 20. Suppose 2*b + 2*b + 14 = l, -3*l + 2 = -2*b. Let r = l + y. What is the highest common factor of r and 3?
3
Let z = 12 + -10. Let b be z*(-36)/10*(-5 - 0). What is the greatest common divisor of b and 24?
12
Suppose 12*g + 22*g = 714. Suppose -3*m - 3*j = -m - 138, 0 = -5*j + 20. What is the highest common factor of m and g?
21
Let m(u) = -u + 2. Let i be m(-5). Let h = i + 13. What is the highest common divisor of 40 and h?
20
Let p be (2 + 10/(-6))*48. Calculate the highest common factor of 72 and p.
8
Let p = -26 + 21. Let y be p/15 - (-86)/6. What is the highest common divisor of y and 2?
2
Suppose 0 = -5*r + 161 + 69. Let k = -28 + r. Let c(s) = 13*s - 12. Let p be c(3). What is the greatest common factor of p and k?
9
Let v be (-6)/3 - (-18)/1. Suppose 5049 - 697 = 16*r. What is the highest common factor of v and r?
16
Suppose -3*r + 4*r - 2*m - 24 = 0, 3*m + 51 = 2*r. Calculate the highest common factor of 20 and r.
10
Let i = 13 + -9. Suppose 10 = -x - 4*x, i*j = -2*x - 4. Suppose 4*f - 2*f + 6 = 5*b, j = 3*b + f - 8. What is the greatest common factor of 22 and b?
2
Let f = 411 - 334. What is the greatest common divisor of 121 and f?
11
Let n = 63 - 52. Suppose -3*r = 2*d - 60, -3*d + n + 62 = -4*r. Calculate the greatest common divisor of 18 and d.
9
Suppose -9*l - 612 + 882 = 0. Calculate the highest common factor of 250 and l.
10
Let o(w) = 32*w - 10*w - 7*w + w**2 + 23. Let f be o(-19). What is the greatest common factor of f and 9?
9
Let r be -10*(3 + 5)*-1. Let l be (-234)/(-15) + (-4)/(-10). Calculate the greatest common divisor of l and r.
16
Suppose 5*a = -3*k + 712, 5*k - 2*a = 2*a + 1162. What is the greatest common factor of 26 and k?
26
Let c(j) = -14*j. Let n be c(-5). Suppose 9*z - n = 4*z. Suppose 166 + z = 2*l. Calculate the highest common divisor of 10 and l.
10
Let p(o) = -11*o + 7. Let g be -6 - (2 - 0 - 1). Let b be p(g). What is the greatest common factor of b and 28?
28
Let j = -1284 + 1427. What is the highest common divisor of 319 and j?
11
Let d be 33/6*1770/165. Calculate the highest common factor of d and 413.
59
Suppose 2*v - 2*f = 3*f - 41, -3*v - 42 = -f. Let u(d) = d**3 + 14*d**2 + 11*d + 10. Let y be u(v). What is the greatest common factor of 24 and y?
12
Let n be (30/(-9))/((-40)/288). What is the greatest common divisor of 12 and n?
12
Let y(f) = f**3 - 2*f**2 + 11*f - 16. Let m be y(4). Calculate the highest common factor of m and 15.
15
Let r be -9*1*(4 - 2). Let n = r - -82. Let x(p) = -2*p**3 - 17*p**2 - 7*p + 16. Let b be x(-8). What is the greatest common factor of n and b?
8
Suppose a = -w - 109 + 860, -2*a + w = -1490. What is the greatest common divisor of a and 9?
9
Let x(n) = n**3 + 8*n**2 + 7*n - 5. Let b be x(-5). Let g = b + -28. What is the highest common factor of g and 56?
7
Let g(l) = 2*l - 4. Let w be g(3). Let f be (w*11)/(8/32). Calculate the highest common factor of 11 and f.
11
Suppose -44*a = -29*a - 4350. What is the greatest common factor of 116 and a?
58
Let u(b) = -8*b**3 - 6*b - 6. Let c be u(-2). Calculate the greatest common factor of c and 20.
10
Let c(b) = -b**3 - 7*b**2 - 2*b + 5. Let l be c(-5). Let o = l + 53. What is the greatest common factor of o and 90?
18
Let p = -3 - 8. Let s = -11 - p. Let k be 10 - s/((-3)/(-1)). Calculate the highest common factor of 30 and k.
10
Suppose -5*j - 25 = 0, 2*h = -2*h + j + 33. Suppose -h = -0*q - q. What is the highest common divisor of q and 63?
7
Let f(j) = -j**3 + j**2 - j + 12. Let x be f(0). Let b be 1*(x + -3)*7. What is the greatest common factor of 7 and b?
7
Suppose 6*r + 23 = 227. What is the greatest common factor of 238 and r?
34
Let r = -25 - -31. Let v be 179/7 - r/(-14). Calculate the greatest common factor of v and 182.
26
Suppose -2*s - 1 + 0 = -5*q, 9 = -q + 5*s. Suppose 2*y + 6 = 4*y. Calculate the highest common divisor of q and y.
1
Suppose -3212 - 3389 = -23*q. What is the highest common divisor of 7 and q?
7
Suppose -367 = -12*x + 461. Calculate the highest common divisor of x and 161.
23
Let v be (-8)/((-96)/(-36)) - (-2406)/2. Calculate the highest common factor of 10 and v.
10
Suppose -14*n + 16*n - f = 27, 4*f = -20. Suppose -2*s = 3*w - 164, 0 = -4*w + 7*w + 12. What is the highest common factor of n and s?
11
Let a(t) = t**3 + 29*t**2 + 4*t + 129. Let u be a(-29). What is the highest common divisor of u and 143?
13
Let c = -16 - -20. Suppose 2*j - 3*r = 60, 3*j - c*j + 5*r + 44 = 0. What is the greatest common divisor of j and 12?
12
Suppose 0*o + 9*o - 27 = 0. Let d(g) = 4*g - 6. Let c be d(o). What is the greatest common factor of c and 24?
6
Let q be ((-72)/(-27))/((-12)/(-27)). Calculate the highest common factor of 69 and q.
3
Let t = 6951 - 3311. What is the greatest common divisor of t and 52?
52
Let m be (-551 + (-40)/(-8))*2/(-6). Calculate the greatest common divisor of m and 84.
14
Suppose -120 = -b - 3*b. Suppose -b*y + 84 = -29*y. Let l be (-2)/(-7) - 164/(-14). Calculate the highest common factor of y and l.
12
Let v be ((-13)/3)/((-34)/102). Calculate the greatest common divisor of 351 and v.
13
Suppose 0 = -2*p - 0*p + 24. Let v = 7 + 0. Suppose 3*x - v*x + l + 14 = 0, -13 = -x + 5*l. What is the greatest common divisor of x and p?
3
Let o(s) = 3*s - 58. Let u(g) = g - 1. Let q(l) = -o(l) - 4*u(l). Let m be q(6). What is the greatest common divisor of m and 50?
10
Let o = 18 - 10. Suppose 0 = 4*y - 2*k + 102, -k - 117 = 6*y - y. Let v(q) = q**2 + 17*q - 104. Let u be v(y). Calculate the highest common factor of u and o.
8
Let v = 144 + -137. Calculate the greatest common factor of 91 and v.
7
Let i(h) = -266*h**3 + 4*h**2 + 2. Let w be i(-2). Calculate the greatest common divisor of w and 74.
74
Let c be (9/(-4))/(15/40). Let q be (-117)/c*((-16)/(-2))/2. Calculate the highest common factor of 195 and q.
39
Let r be -1*(-2 + -4 - -4). Suppose 4*z - 189 = -3*j, -5*z - r*j = -j - 239. Calculate the highest common factor of z and 12.
12
Let l(y) = 243*y + 8. Let m be l(4). Let b be 2/6 - m/15. Let h be (-438)/(-26) - 10/b. Calculate the highest common divisor of 68 and h.
17
Let d = 15 - 15. Suppose l + 5*y - 113 = d, 0*y + 284 = 3*l + 4*y. Let m(j) = 12*j**2 + j. Let v be m(-1). What is the highest common factor of l and v?
11
Let v = -1215 + 2015. Calculate the highest common factor of v and 50.
50
Suppose -67*b - 420 = -77*b. What is the greatest commo